 7*l. Let w be n(8). What is the units digit of 11*1 + (w - (-1 + -4))?
4
Let a(j) = -j**3 + 25*j**2 + 67*j - 19. Suppose -c - 3*g = -36, 0 = 5*c + 3*g - g - 141. What is the hundreds digit of a(c)?
3
Let d = 368 - 368. Let k = 82 + -43. Suppose d = 5*q + k - 209. What is the tens digit of q?
3
Let w(n) = -n**3 - 33*n**2 - 59*n + 81. What is the units digit of w(-34)?
3
Suppose 5*b + 101 = z, 5*z - 23 = b + 2. Let x(o) = -15*o - 82. What is the hundreds digit of x(b)?
2
Let h(j) = -393*j + 2185. What is the units digit of h(-29)?
2
Let d(t) = 50*t - 55. Suppose -p + 5 = 2*f - 9, 3*p = f + 7. What is the tens digit of d(p)?
4
Let d be 4*(-3)/(-90) + 232/60. Suppose d*h - 6739 = -207. What is the hundreds digit of h?
6
Suppose -8*f + 11*f = m - 71, 41 = -3*f - 5*m. Let h(y) = y**2 - 12*y + 133. What is the hundreds digit of h(f)?
8
Let d(t) = -2*t**2 - 3*t + 38. Let x be d(-10). Let l = 293 - x. What is the tens digit of l?
2
Let f = -59 + 60. Let c(g) = 2*g + 2. Let a be c(f). Suppose a*j = 5*j - 94. What is the tens digit of j?
9
Let m(c) = -2*c**3 + 13*c**2 - 14*c + 19. Let u be m(8). Let z = -30 - u. Suppose -6*r + r + 5*k + z = 0, 5*r + 5*k - 215 = 0. What is the tens digit of r?
4
Suppose 0 = -39*p + 34*p + 34065. What is the tens digit of p?
1
Let z = 3562 + 4149. What is the thousands digit of z?
7
Let m(d) = 6*d + 79. Let u be m(-14). What is the tens digit of u - (-1050)/12*4?
4
Let p(r) = -r + 45. Suppose 35 + 4 = 3*c - 4*x, -4*c + 5*x = -52. What is the units digit of p(c)?
2
Suppose -7500 = 2*c - 17*c. Suppose -2*n - 3*q = -7*n + 1254, 2*n - 2*q - c = 0. What is the hundreds digit of n?
2
Let p = -89 - 712. Suppose -6*z - 517 = -5*z. Let d = z - p. What is the units digit of d?
4
Let r be (-2 + -7)*(-3)/(-9). Let k be -2*(r - -4 - 21). Suppose -35*z + k*z = 385. What is the tens digit of z?
7
Let q be 1320/16*(-3 + (-22)/(-2)). Let j = q - 185. What is the hundreds digit of j?
4
Suppose -2*b + 3*o = -20767, -3*b + 2*o + 11775 + 19358 = 0. What is the units digit of b?
3
Let r(t) = t**2 + 4*t + 10. Suppose 0*x - 72 = -3*x. Suppose x = 5*p - p. What is the units digit of r(p)?
0
Let q(w) = 5770*w**2 - 48*w - 4. What is the hundreds digit of q(1)?
7
Suppose 3*g - 9 = -w + 5, -3*g + 20 = -5*w. Suppose g*f + 465 = -5*c, -f - 5*c - 195 = f. Let a = f + 195. What is the tens digit of a?
0
Let l = -22109 - -35296. What is the units digit of l?
7
What is the ten thousands digit of (-8)/(4*(-6)/63615)?
2
Suppose 5*l - 2*i - 68271 = 0, i = 21*l - 18*l - 40962. What is the thousands digit of l?
3
Suppose -t = 3, 2*k + 8*t - 4*t = 802. Suppose 413*o - k*o - 6096 = 0. What is the tens digit of o?
1
Let v be (-69)/3 + 2/(-2). What is the tens digit of 417/5*(-80)/v?
7
What is the tens digit of 157695/27 + (49/9 - 5)?
4
Suppose -3*c - 91484 = -4*j, -4*c = 2*j - c - 45724. What is the ten thousands digit of j?
2
Let y(c) = -c**3 + 6*c**2 + 7*c. Let k be y(7). Suppose k = 9*s + 2343 - 8958. What is the hundreds digit of s?
7
Let y(f) = f**2 - 11. Let q be y(-4). Suppose -4*j - q*n + 1874 = 0, 962 + 441 = 3*j + 5*n. What is the hundreds digit of j?
4
Suppose -1227 = -6*g + 1161. Let n = -150 + g. What is the tens digit of n?
4
Let s(b) = 93*b**3 - 7*b**2 + 4*b - 8. Let c(z) = -z**2 + z - 2. Let l(i) = -5*c(i) + s(i). Let h be (1 + 3)*5/20. What is the units digit of l(h)?
2
Let k(h) = -2*h + 2. Let r be k(1). Suppose -4*j = -r*j - 16. Suppose 10*a = j*a + 630. What is the hundreds digit of a?
1
Let z be (4/(-8)*4)/((-4)/(-148)). Let a = z - -78. Suppose -2*x - 56 = -3*f - 0*x, -20 = -a*x. What is the tens digit of f?
2
What is the tens digit of (-9 - -11814)*6/9?
7
Suppose -13*r + 107641 = -44628. What is the ten thousands digit of r?
1
Suppose 0 = 3*y + 3*s - 2*s + 12, -4*y - 35 = -5*s. What is the tens digit of 491 + (30/(-5) - y)?
9
Let u(a) = 5*a**2 - 115*a - 7. Let h be 9/(108/112)*1*3. What is the hundreds digit of u(h)?
6
Suppose -14007 - 129433 = -19*x + 264870. What is the thousands digit of x?
1
Suppose -3*m - m + 1224 = 4*k, 5*m - 1527 = -4*k. Suppose 0 = -8*s + 9*s - m. What is the hundreds digit of s?
3
Let w(g) = g**2 - g - 4. Let n be w(-2). Suppose 0 = n*v - 14 + 4. What is the tens digit of (6/4)/(v/370)?
1
Suppose 7*r - 1486 = 292. Let v be r + ((-12)/54 - (-34)/(-9)). Suppose -3*y + v = -2*l, -y = -4*l - 23 - 47. What is the tens digit of y?
8
Let n be 4/10 + (-552)/5. Let i be (2 + (-96)/21)*28. Let d = i - n. What is the units digit of d?
8
Suppose -35*t = -4*w - 33*t + 197516, 5*w - 246884 = -3*t. What is the hundreds digit of w?
3
Suppose -50 = 10*b + 10. Let x(l) = -54*l - 5. Let m be x(b). Let n = -165 + m. What is the hundreds digit of n?
1
Suppose 5*g - 483 = -3*w, -9*w + 2 = -7*w. What is the units digit of 15632/g + 10/(-12)?
2
Let t be 1/5 - (-5067)/15. Suppose -15*u + 4 = -11*u - 2*o, o - 2 = 0. Suppose -t = u*h - 4*h. What is the units digit of h?
9
Let n(o) be the second derivative of -43*o**3/6 + 45*o**2/2 - 59*o - 2. What is the units digit of n(-6)?
3
Let g be -1*(-6 - -2) - (-1 - -2). Suppose -u - 4*c = -3 - 1, -2*u = g*c - 3. Suppose u = 3*y - 166 - 104. What is the units digit of y?
0
Let x = -220 + 944. Let q = x + -216. What is the units digit of q?
8
What is the units digit of (-7)/7 + (1/4 - (-407250)/120)?
3
Let t be -7*1 + (-40)/(-40). Let m(q) = -74*q**3 - 2*q**2 + q. Let u be m(1). Let x = t - u. What is the tens digit of x?
6
Let b(z) = -z**3 + 8*z - 22. Let n be b(5). Let t = n + 277. Suppose -5*h = 4*j - 2*j - t, 5*j + 7 = h. What is the units digit of h?
2
What is the ten thousands digit of (-102)/1377 + 3261475/135?
2
Suppose -x = -1 - 21. Let u = 23 - x. What is the tens digit of 80/60*93/2*u?
6
Let x(q) = -2*q + 10. Let h be x(10). Let t = 316 + h. What is the units digit of t?
6
Suppose 0 = 2*c - 6*c - 12. Suppose -2*l - 329 = -335. What is the tens digit of -22*l*c/9?
2
Let c be 2/((-21)/(-30) - 2/10). Suppose 4564 = c*n + 10*n. What is the units digit of n?
6
Let z = 12 + -7. Suppose 60 = z*l - x, -68 + 4 = -3*l - 5*x. Let y = 114 + l. What is the units digit of y?
7
Suppose -3*w - 2*w = -5, -5*t = -w + 81. Let h(v) = -47*v + 13. Let a be h(t). Suppose 3*l + 159 - a = 0. What is the hundreds digit of l?
2
Let s(f) = 2*f**2 - 9*f - 16. Let k be s(6). Suppose 0 = k*r + 5*t - 1097 + 188, 3*t - 453 = -r. What is the units digit of r?
2
Let c(h) = 9 - 79*h - 42 + 73 + 34*h + 74. What is the units digit of c(-9)?
9
Suppose -4*g = -2*x - 79616, 23*g + x = 23*g. What is the ten thousands digit of g?
1
Let c(j) = -3*j - 15. Suppose -98 = -5*d + 4*n, 4*n = -4*d - 0*d + 100. Suppose d = -5*i - 2*u, -17 = 4*i + 2*u - 1. What is the units digit of c(i)?
3
Let m = 250 - 66. What is the tens digit of (-5 + -7)*m/(-12)?
8
What is the tens digit of (-43)/(-129) + 1 + (-73914)/(-9)?
1
Suppose -2*z - 58360 = -3*q + 19920, -4*z - 26100 = -q. What is the hundreds digit of q?
0
Let y(m) = 2*m**2 - 11*m**2 - 4 + 5*m + 127*m. What is the units digit of y(5)?
1
Suppose -4*x = 0, -5*h = -0*h + 2*x - 435. Let i(t) = -3*t + 104 - 132 + h. What is the units digit of i(0)?
9
Suppose 16538 + 27670 = 24*r. Let m = r + -227. What is the hundreds digit of m?
6
Suppose k - h = -0*k + 2, 0 = k - 5*h + 10. Suppose 2*y = 6*y - c - 1085, -k*c = -15. What is the units digit of y?
2
Suppose -82 = 2*s - 22. What is the units digit of (3880/s)/(12/(-18))?
4
Let m = -70 + 201. Suppose -2*f = -4*y + 2, -16*y + 17*y + 3*f = 11. Suppose y*h - 19 - m = 0. What is the units digit of h?
5
What is the thousands digit of 23/138 - (-427380)/72?
5
Let x = -40 - -45. Suppose -4*s = -x*f + 1367, -2*f + 3*s - 314 + 865 = 0. What is the units digit of f?
1
Let y(l) = -2*l - 1. Suppose 2*f + j = 5*f, 2*f - 5 = -j. Let r be y(f). What is the units digit of 130/r*(-60)/50?
2
Suppose -2*z - 3*y + 10031 = 0, -123*z + 124*z - 5020 = -3*y. What is the units digit of z?
1
Suppose 244662 + 95780 + 17884 = 51*x. What is the units digit of x?
6
Let c(j) = -10*j - 3*j + 105 + 5*j - 5*j + 58. What is the tens digit of c(-5)?
2
Let j = 16728 - -121. What is the thousands digit of j?
6
Let p = -2806 - -155. Let w = -1172 - p. What is the tens digit of w?
7
Suppose -g = 3 - 6. Suppose 0*y + o = y - 39, -23 = -y - g*o. What is the tens digit of (231/y)/(1/10)?
6
S